 divisor of 12 and 185862?
6
Calculate the greatest common divisor of 16 and 15748.
4
Calculate the greatest common factor of 81700 and 175.
25
Calculate the highest common factor of 13 and 122161.
13
Calculate the greatest common factor of 6413 and 3630.
121
What is the highest common factor of 11968 and 17512?
88
What is the greatest common factor of 577 and 380243?
577
What is the greatest common divisor of 104 and 20371?
13
What is the highest common factor of 20560 and 100?
20
What is the greatest common divisor of 182 and 721?
7
Calculate the highest common divisor of 372552 and 57.
57
Calculate the greatest common factor of 17802 and 63210.
258
Calculate the highest common factor of 12 and 177027.
3
Calculate the highest common factor of 17332 and 1267.
7
What is the greatest common divisor of 14 and 203238?
14
What is the highest common factor of 242 and 225786?
242
Calculate the greatest common divisor of 40 and 1432040.
40
What is the highest common factor of 6182 and 670466?
562
What is the greatest common factor of 99 and 7260?
33
What is the greatest common divisor of 3904 and 2454640?
976
Calculate the highest common factor of 9714 and 486.
6
What is the highest common divisor of 3588 and 29484?
156
What is the greatest common factor of 102246 and 3?
3
Calculate the greatest common divisor of 110796 and 168.
84
What is the greatest common divisor of 48524 and 42?
14
Calculate the highest common factor of 3606756 and 60.
12
What is the highest common factor of 754020 and 11502?
1278
Calculate the greatest common factor of 912 and 68514.
114
Calculate the highest common divisor of 84992 and 768.
256
What is the highest common divisor of 620 and 277580?
20
What is the highest common divisor of 102232 and 416?
104
What is the highest common factor of 6 and 159315?
3
Calculate the greatest common divisor of 664 and 733637.
83
What is the greatest common factor of 30 and 39366?
6
Calculate the greatest common divisor of 12620 and 105377.
631
Calculate the highest common divisor of 4699 and 276733.
127
What is the greatest common factor of 16 and 1467452?
4
What is the greatest common factor of 151 and 15?
1
Calculate the greatest common divisor of 1815 and 142980.
15
What is the greatest common factor of 2888 and 1679372?
1444
Calculate the greatest common factor of 516156 and 78.
6
What is the greatest common factor of 226 and 234814?
226
Calculate the highest common factor of 165 and 138039.
33
Calculate the greatest common factor of 572 and 1251536.
572
Calculate the greatest common divisor of 586825 and 1175.
25
Calculate the greatest common factor of 221606 and 1386.
154
Calculate the highest common factor of 56 and 10136.
56
What is the highest common factor of 59431 and 309?
103
Calculate the highest common divisor of 899316 and 88.
44
Calculate the greatest common divisor of 1002006 and 576.
18
Calculate the greatest common factor of 176 and 187440.
176
What is the greatest common factor of 1782 and 342?
18
What is the highest common factor of 4671829 and 229?
229
Calculate the highest common factor of 141 and 416937.
141
Calculate the highest common divisor of 52 and 324844.
52
What is the greatest common divisor of 51816 and 2448?
408
Calculate the greatest common factor of 17250 and 1470.
30
What is the greatest common divisor of 332116 and 316?
316
Calculate the highest common factor of 500 and 18100.
100
What is the highest common factor of 16581163 and 293?
293
What is the highest common divisor of 2799 and 67798?
311
Calculate the greatest common divisor of 5327497 and 329.
329
Calculate the highest common divisor of 1778 and 5973191.
889
What is the highest common factor of 457305 and 215?
215
What is the greatest common divisor of 7522026 and 186?
186
What is the greatest common divisor of 462811 and 1189?
29
Calculate the greatest common divisor of 10275 and 1660440.
2055
Calculate the highest common factor of 294 and 45570.
294
Calculate the greatest common factor of 349296 and 564.
12
Calculate the highest common factor of 143 and 312.
13
What is the highest common divisor of 832 and 2028?
52
Calculate the highest common divisor of 62298 and 1746.
18
What is the greatest common divisor of 87 and 606999?
87
Calculate the greatest common factor of 5064 and 3384.
24
What is the highest common factor of 6150 and 9020?
410
What is the highest common factor of 40363 and 1267?
181
Calculate the greatest common divisor of 344775 and 15.
15
Calculate the greatest common divisor of 231 and 1001.
77
Calculate the greatest common factor of 10769 and 2420.
121
What is the highest common factor of 2475 and 12100?
275
Calculate the highest common factor of 637 and 44639.
49
Calculate the greatest common divisor of 8668 and 5319.
197
Calculate the greatest common divisor of 435 and 976865.
145
Calculate the greatest common factor of 171 and 968259.
57
Calculate the highest common divisor of 622404 and 2601.
153
Calculate the highest common factor of 2519 and 669367.
229
What is the highest common divisor of 5 and 43565?
5
What is the highest common divisor of 10476 and 2052?
108
Calculate the highest common divisor of 7599 and 1326.
51
What is the highest common divisor of 2 and 10481?
1
What is the highest common factor of 33 and 136587?
33
Calculate the highest common factor of 23170 and 60.
10
Calculate the highest common divisor of 48060 and 1755.
135
Calculate the greatest common divisor of 311016 and 24.
24
What is the highest common divisor of 3537 and 11921?
131
What is the greatest common divisor of 624 and 9498?
6
What is the highest common factor of 716767 and 632?
79
What is the highest common divisor of 305 and 134200?
305
Calculate the highest common factor of 228 and 684.
228
What is the highest common divisor of 1220 and 271450?
610
What is the greatest common factor of 217 and 140?
7
Calculate the highest common divisor of 2948 and 1540.
44
Calculate the highest common divisor of 31856 and 132.
44
What is the greatest common factor of 11079 and 207?
9
Calculate the greatest common factor of 57 and 104462.
19
What is the highest common factor of 62586 and 684?
342
Calculate the greatest common divisor of 72 and 17736.
24
Calculate the highest common factor of 2 and 307.
1
Calculate the highest common factor of 4928 and 24976.
112
Calculate the highest common factor of 25674 and 462.
66
Calculate the highest common divisor of 48 and 484.
4
What is the greatest common divisor of 601152 and 1313?
101
Calculate the greatest common factor of 231 and 23694.
33
Calculate the greatest common divisor of 4205 and 8845.
145
What is the greatest common divisor of 34371 and 268?
67
Calculate the greatest common divisor of 562 and 71374.
562
What is the greatest common divisor of 393886 and 434?
62
Calculate the greatest common divisor of 1176 and 4452.
84
Calculate the greatest common divisor of 9491040 and 160.
160
Calculate the highest common divisor of 45 and 12465.
45
Calculate the highest common factor of 62 and 6185306.
62
Calculate the greatest common factor of 84 and 3526887.
21
Calculate the greatest common divisor of 4600 and 1955.
115
Calculate the highest common factor of 3776 and 21358.
118
Calculate the highest common factor of 1985 and 12615.
5
What is the greatest common factor of 6188 and 338?
26
What is the greatest common factor of 655 and 80?
5
Calculate the highest common factor of 1840 and 35995.
115
What is the highest common factor of 51355 and 20?
5
Calculate the greatest common divisor of 126 and 26474.
14
Calculate the highest common factor of 5808 and 1856.
16
Calculate the greatest common divisor of 3860 and 21380.
20
What is the greatest common factor of 602 and 8260?
14
Calculate the greatest common divisor of 580881 and 7.
7
What is the highest common divisor of 19656196 and 28?
28
Calculate the greatest common factor of 2075 and 9025.
25
What is the highest common divisor of 7015002 and 2004?
1002
Calculate the greatest common divisor of 1856 and 65308.
116
What is the highest common factor of 20687 and 8083?
137
What is the greatest common factor of 11210 and 144400?
190
What is the highest common factor of 132905 and 70?
5
What is the highest common factor of 25130 and 140?
70
What is the 